{"id":10379,"date":"2026-02-20T18:10:43","date_gmt":"2026-02-20T17:10:43","guid":{"rendered":"https:\/\/www.carlobolaget.com\/produkt\/rygsaek-ted-cole-15\/"},"modified":"2026-02-23T18:06:23","modified_gmt":"2026-02-23T17:06:23","slug":"rygsaek-ted-cole-15","status":"publish","type":"product","link":"https:\/\/www.carlobolaget.com\/da\/produkt\/rygsaek-ted-cole-15\/","title":{"rendered":"Rygs\u00e6k Ted Cole 15&#8243;"},"content":{"rendered":"","protected":false},"excerpt":{"rendered":"<p>Robust og sporty rygs\u00e6k i mellemst\u00f8rrelse med rummeligt hovedrum<br \/>\n og et stort yderrum, begge med lynl\u00e5se. Den har flere inderrum,<br \/>\n inklusive polstret rum til b\u00e6rbar computer og tablet. Forsiden har<br \/>\n et lynl\u00e5srum for hurtig adgang. Justerbar, let polstret<br \/>\n Skulderstropper og b\u00e6reh\u00e5ndtag foroven g\u00f8r den behagelig at b\u00e6re<br \/>\n Lavet af vasket bomuldsl\u00e6rred og vegansk.    <\/p>\n","protected":false},"featured_media":10202,"comment_status":"closed","ping_status":"closed","template":"","meta":{"_acf_changed":false},"product_brand":[],"product_cat":[194,138,181,273],"product_tag":[],"class_list":["post-10379","product","type-product","status-publish","has-post-thumbnail","product_cat-rygsaekke-computerrygsaek-backpack","product_cat-serie","product_cat-sortiment","product_cat-ted-cole","pa_farg-camel","pa_farg-gra","first","instock","shipping-taxable","purchasable","product-type-variable","has-default-attributes","rtwpvg-product"],"acf":[],"_links":{"self":[{"href":"https:\/\/www.carlobolaget.com\/da\/wp-json\/wp\/v2\/product\/10379","targetHints":{"allow":["GET"]}}],"collection":[{"href":"https:\/\/www.carlobolaget.com\/da\/wp-json\/wp\/v2\/product"}],"about":[{"href":"https:\/\/www.carlobolaget.com\/da\/wp-json\/wp\/v2\/types\/product"}],"replies":[{"embeddable":true,"href":"https:\/\/www.carlobolaget.com\/da\/wp-json\/wp\/v2\/comments?post=10379"}],"wp:featuredmedia":[{"embeddable":true,"href":"https:\/\/www.carlobolaget.com\/da\/wp-json\/wp\/v2\/media\/10202"}],"wp:attachment":[{"href":"https:\/\/www.carlobolaget.com\/da\/wp-json\/wp\/v2\/media?parent=10379"}],"wp:term":[{"taxonomy":"product_brand","embeddable":true,"href":"https:\/\/www.carlobolaget.com\/da\/wp-json\/wp\/v2\/product_brand?post=10379"},{"taxonomy":"product_cat","embeddable":true,"href":"https:\/\/www.carlobolaget.com\/da\/wp-json\/wp\/v2\/product_cat?post=10379"},{"taxonomy":"product_tag","embeddable":true,"href":"https:\/\/www.carlobolaget.com\/da\/wp-json\/wp\/v2\/product_tag?post=10379"}],"curies":[{"name":"wp","href":"https:\/\/api.w.org\/{rel}","templated":true}]}}

Rygsæk Ted Cole 15&#8243;

<p>Robust og sporty rygsæk i mellemstørrelse med rummeligt hovedrum<br />
 og et stort yderrum, begge med lynlåse. Den har flere inderrum,<br />
 inklusive polstret rum til bærbar computer og tablet. Forsiden har<br />
 et lynlåsrum for hurtig adgang. Justerbar, let polstret<br />
 Skulderstropper og bærehåndtag foroven gør den behagelig at bære<br />
 Lavet af vasket bomuldslærred og vegansk.    </p>
